 base 8, what is 2 + 4?
6
In base 6, what is 5020 - 2?
5014
In base 11, what is 520a4 + 4?
520a8
In base 15, what is -2 + -14?
-16
In base 14, what is 18 - -154?
16c
In base 13, what is 12 - -9?
1b
In base 4, what is 3 - 2221?
-2212
In base 2, what is -1110000110111 + -101?
-1110000111100
In base 11, what is -1 - -161?
160
In base 3, what is 11 + 11?
22
In base 10, what is -6510 + 5?
-6505
In base 16, what is 613 + -4?
60f
In base 13, what is -65 - -5?
-60
In base 9, what is -1458 + 8?
-1450
In base 10, what is 20 + -1?
19
In base 2, what is 11101001 + 1?
11101010
In base 6, what is 4 - -1331?
1335
In base 13, what is 2 - 1967?
-1965
In base 7, what is -501 - 13?
-514
In base 11, what is 3 + 15?
18
In base 15, what is 7 + 55?
5c
In base 6, what is 55 - 21?
34
In base 16, what is 1 - -127?
128
In base 16, what is 3e + -2f?
f
In base 15, what is 135 + -4?
131
In base 13, what is 6 - 153?
-14a
In base 3, what is -1 + 2100?
2022
In base 4, what is -2 - -3100?
3032
In base 12, what is 129 - 0?
129
In base 9, what is 4 + -37?
-33
In base 16, what is -c + -129?
-135
In base 16, what is -2 + -8b2?
-8b4
In base 3, what is 0 - 22200?
-22200
In base 9, what is -51464 + 5?
-51458
In base 10, what is -314 + -4?
-318
In base 8, what is -21557 + -5?
-21564
In base 14, what is -1 - 2039?
-203a
In base 2, what is -111000111 - 0?
-111000111
In base 10, what is 2 - 159?
-157
In base 14, what is -1c + -55?
-73
In base 3, what is 0 - -20211?
20211
In base 8, what is -132 + -15?
-147
In base 10, what is -7855 - -1?
-7854
In base 2, what is 11110 + 1110101?
10010011
In base 4, what is 10 - -303020?
303030
In base 8, what is 2 - 4473?
-4471
In base 12, what is -9 + 12?
5
In base 12, what is -2503 + 3?
-2500
In base 2, what is -10011001 - -100110?
-1110011
In base 16, what is -807 + 2?
-805
In base 16, what is 1a0 + 3?
1a3
In base 14, what is -12 + 77?
65
In base 2, what is -100001 + 110001?
10000
In base 6, what is 211 - 22?
145
In base 14, what is -189 - 3?
-18c
In base 16, what is 5 - -5f?
64
In base 3, what is -111211202 + -12?
-111211221
In base 4, what is -1 + -1232?
-1233
In base 10, what is -31 + 626?
595
In base 13, what is -1 + 18?
17
In base 15, what is -3 + -85b?
-85e
In base 8, what is 5 + 1?
6
In base 9, what is -2126 + 5?
-2121
In base 12, what is -4 + b?
7
In base 15, what is -1 + -a0?
-a1
In base 15, what is 2 - 3a7?
-3a5
In base 4, what is 202 + 200?
1002
In base 6, what is 22 + -2034?
-2012
In base 13, what is 17 + a5?
bc
In base 7, what is 636 - 1?
635
In base 5, what is 14 + 1044?
1113
In base 11, what is a + -185?
-176
In base 5, what is 2002 + -120?
1332
In base 14, what is -1 + -2bc?
-2bd
In base 13, what is 28bc4 + 0?
28bc4
In base 10, what is -5 + -48?
-53
In base 5, what is 1112 - 2?
1110
In base 8, what is -156 + 2?
-154
In base 9, what is 1064 + -3?
1061
In base 9, what is 0 - 411?
-411
In base 5, what is -1 + -313?
-314
In base 9, what is -118 - 46?
-165
In base 3, what is 21 - 1201?
-1110
In base 2, what is -10 - -111001000111?
111001000101
In base 14, what is 3 - -6d7?
6da
In base 3, what is -201 - -1010122?
1002221
In base 11, what is -a1 - -2?
-9a
In base 6, what is 1 + -43542?
-43541
In base 7, what is 110 - -2?
112
In base 16, what is 1 - -1ba?
1bb
In base 11, what is 3 - 225?
-222
In base 5, what is 2133 - 1?
2132
In base 16, what is -9b - 5?
-a0
In base 6, what is 0 - 14?
-14
In base 5, what is -142 - -14?
-123
In base 12, what is -1 - -129b?
129a
In base 8, what is 4 + -1152?
-1146
In base 12, what is 17 + a65?
a80
In base 13, what is 1b - 26?
-8
In base 7, what is -56 - -22?
-34
In base 7, what is -312 + -60?
-402
In base 16, what is -2c2 - -b?
-2b7
In base 9, what is -15 - -887?
872
In base 12, what is -697b + 0?
-697b
In base 6, what is -5 + -34?
-43
In base 8, what is -254 - -3?
-251
In base 15, what is 3 - 6a1?
-69d
In base 10, what is 37 - 51?
-14
In base 2, what is 10 + 1101010?
1101100
In base 5, what is -13 + 303?
240
In base 8, what is 176 + -5?
171
In base 12, what is -42 - 14?
-56
In base 11, what is 6 + -18?
-12
In base 5, what is -142 - 140?
-332
In base 8, what is -21 + -111?
-132
In base 16, what is 3 - 122?
-11f
In base 7, what is 11 + -13?
-2
In base 15, what is -12 - -1d?
b
In base 15, what is 1 - -11?
12
In base 14, what is 4 + 37?
3b
In base 6, what is -50 - 3?
-53
In base 11, what is 3 - a3?
-a0
In base 9, what is -17 - -4?
-13
In base 12, what is 49 - 6?
43
In base 13, what is 8 - 17?
-c
In base 2, what is -101101 + -1100?
-111001
In base 2, what is -1111101011 + 1?
-1111101010
In base 2, what is 11011 - 100100?
-1001
In base 16, what is -4 + 16?
12
In base 4, what is -2 - -221?
213
In base 14, what is 2 + -334?
-332
In base 16, what is -39 - -e?
-2b
In base 6, what is -2122 + -5?
-2131
In base 16, what is -9 - 2d?
-36
In base 8, what is -12 - 313?
-325
In base 10, what is 6 - 66?
-60
In base 10, what is -4 - 44?
-48
In base 6, what is 4 + 2234?
2242
In base 10, what is 62 - -5?
67
In base 6, what is -104 - -11?
-53
In base 16, what is 16 - 5?
11
In base 15, what is -6 - 6b?
-72
In base 3, what is 21111 - 10?
21101
In base 9, what is -4 + 13043?
13038
In base 5, what is -1 - -11?
10
In base 16, what is -c - 25?
-31
In base 8, what is 114 + 2?
116
In base 15, what is -4 - -67?
63
In base 12, what is 2 + 10?
12
In base 8, what is 2167 - 2?
2165
In base 3, what is 2210000 + -1?
2202222
In base 3, what is -12 - -10121?
10102
In base 8, what is -13 + 5?
-6
In base 15, what is 54 - 3?
51
In base 3, what is 0 + -2112002?
-2112002
In base 5, what is 2 + -202?
-200
In base 9, what is 177 - -2?
180
In base 12, what is 205 - 3?
202
In base 9, what is 227 - -85?
323
In base 12, what is 0 - 12?
-12
In base 12, what is -1267b + -1?
-12680
In base 10, what is -228 + 4?
-224
In base 15, what is 9 + 79?
83
In base 5, what is 2323 + -1?
2322
In base 9, what is 746 + 5?
752
In base 14, what is -4 - -2d?
29
In base 8, what is -2 + -315?
-317
In base 9, what is -20 + 234?
214
In base 12, what is -2 - -100?
ba
In base 13, what is -1a - 2?
-1c
In base 14, what is 24 - -52?
76
In base 5, what is -1 - -20332?
20331
In base 2, what is 101 - -10101011?
10110000
In base 14, what is -18c - 10?
-19c
In base 8, what is 20 - -200?
220
In base 5, what is 3203 + -10?
3143
In base 9, what is 6 + -21?
-14
In base 10, what is 635 + -3?
632
In base 9, what is 55 - 8?
46
In base 8, what is 4051 - 0?
4051
In base 3, what is -1211101 - 2?
-1211110
In base 11, what is -8 - -16?
9
In base 16, what is 0 - 226?
-226
In base 5, what is -1302 + 13?
-1234
In base 15, what is -208 - 2?
-20a
In base 2, what is -1001 + 10001?
1000
In base 16, what is 6 + 64?
6a
In base 15, what is 4 + -5d6?
-5d2
In base 9, what is -5 - -50?
44
In base 12, what is -338 + 13?
-325
In base 4, what is -3 - 221?
-230
In base 4, what is -3332 - -1?
-3331
In base 7, what is -2 - 140?
-142
In base 12, what is -375b - -2?
-3759
In base 14, what is 439 + -3?
436
In base 12, what is 2 - 1415?
-1413
In base 8, what is -3300 + 1?
-3277
In base 6, what is 520 + -3?
513
In base 7, what is 5 + -2065?
-2060
In base 10, what is -23 + -11?
-34
In base 12, what is -8 - -42?
36
In base 15, what is -190 - 25?
-1b5
In base 8, what is 5 - -41?
46
In base 9, what is 5 + -126?
-121
In base 11, what is 4 - 3?
1
In base 15, what is -528 + 6?
-522
In base 16, what is 3b - -3a?
75
In base 16, what is 39 - -80?
b9
In base 9, what is -4 - -15?
11
In base 7, what is -1 - 224?
-225
In base 4, what is -333202 - 3?
-333211
In base 8, what is -177 - 5?
-204
In base 6, what is -1310 - 10?
-1320
In base 10, what is -5 + -5?
-10
In base 4, what is 203 - 221?
-12
In base 8, what is 60 - 0?
60
In base 15, what is -c - -9?
-3
In base 5, what is 1 - 202?
-201
In base 9, what is 0 - 3415?
-3415
In base 7, what is 24 + -116?
-62
In base 2, what is 1101010 + 11?
1101101
In base 9, what is -57 - 0?
-57
In base 2, what is 10111 + 101?
11100
In base 4, what is 2023 - 10?
2013
In base 11, what is 7 + 44?
50
In base 14, what is -6 + -6b0?
-6b6
In base 3, what is 101220 - 0?
101220
In base 14, what is -5b4 + 1?
-5b3
In base 15, what is -117 + 4?
-113
In base 10, what is -47 + -1?
-48
In base 15, what is 2804 + 5?
2809
In base 4, what is -122 + 33?
-23
In base 7, what is 2 + -50?
-45
In base 3, what is 10 + 221202?
221212